is 12122 + -210201?
-121002
In base 16, what is 38e + -3c?
352
In base 5, what is 11024 - 44334?
-33310
In base 11, what is -9175 + 127?
-9049
In base 4, what is 202002112 + 12?
202002130
In base 6, what is 0 + 11525?
11525
In base 14, what is -47626 - 1?
-47627
In base 4, what is -200113012 - -3?
-200113003
In base 5, what is -414 - -1141?
222
In base 11, what is -1580847 + -4?
-1580850
In base 16, what is 10 + -92d?
-91d
In base 16, what is 1a + -e0?
-c6
In base 12, what is -87 + -3867?
-3932
In base 8, what is 54122 - -4?
54126
In base 5, what is -2220 + -232?
-3002
In base 13, what is -8a693 - -3?
-8a690
In base 6, what is 4 - -1103130?
1103134
In base 5, what is 31 + -2100033?
-2100002
In base 7, what is -3 + -2104?
-2110
In base 11, what is 3a5 + -30?
375
In base 15, what is 1663 - 16?
164c
In base 12, what is -2b + -24300?
-2432b
In base 4, what is -100 + -3110323?
-3111023
In base 9, what is -1483505 + -1?
-1483506
In base 10, what is -10775 - 64?
-10839
In base 12, what is -1733b - 26?
-17365
In base 4, what is -2 + -120310200?
-120310202
In base 14, what is 49514a - 2?
495148
In base 6, what is 52 + 42324?
42420
In base 5, what is 40 + 1433202?
1433242
In base 10, what is -3 + -14324?
-14327
In base 8, what is -5705 + 426?
-5257
In base 11, what is 74 + -49311?
-49248
In base 11, what is -151677 + 2?
-151675
In base 5, what is 2411 + -3234?
-323
In base 8, what is 13 - -1276?
1311
In base 12, what is -3b - a683?
-a702
In base 11, what is -8a51 + 34?
-8a18
In base 16, what is -3 - -1fe01?
1fdfe
In base 14, what is -a3a1 + -17?
-a3b8
In base 10, what is 138331 - 21?
138310
In base 9, what is 412676 + 5?
412682
In base 8, what is 2137 - -57?
2216
In base 16, what is 8b90 - -4?
8b94
In base 2, what is -11110110010000010 - 0?
-11110110010000010
In base 14, what is -178 - -6?
-172
In base 11, what is 1 + 23a54?
23a55
In base 11, what is -6312 - -697?
-5726
In base 12, what is 11 + -3106?
-30b5
In base 4, what is 220203 - -133?
221002
In base 5, what is 4 - 10032303?
-10032244
In base 13, what is -6ab4 + 1?
-6ab3
In base 9, what is 85 - 58?
26
In base 9, what is -2 + -185704?
-185706
In base 3, what is -22 - -2010121012?
2010120220
In base 6, what is -2 - 444225?
-444231
In base 2, what is -101 + -11110011000101?
-11110011001010
In base 14, what is -176 + 2b62?
29ca
In base 13, what is 26c - 94?
1a8
In base 8, what is 210720 - 5?
210713
In base 10, what is 580 + -14?
566
In base 10, what is -86 + -5803?
-5889
In base 16, what is 1020f - 30?
101df
In base 4, what is 2 + 2133033130?
2133033132
In base 2, what is 110100 + -11001100101?
-11000110001
In base 13, what is -72 - 295?
-337
In base 15, what is 4b - -97c?
9c8
In base 3, what is -1100011222 - -2022?
-1100002200
In base 8, what is 17 - 34317?
-34300
In base 2, what is 101010000101110 - 100?
101010000101010
In base 13, what is -1a0a39 - 4?
-1a0a40
In base 15, what is -3aa9 - 3?
-3aac
In base 3, what is -10120202 - -12110?
-10101022
In base 11, what is -6 - 46?
-51
In base 14, what is -3 - 2b49?
-2b4c
In base 12, what is -204 - -2658?
2454
In base 8, what is 5403 - -373?
5776
In base 9, what is -26 + -11782?
-11818
In base 9, what is -30448 - -4?
-30444
In base 10, what is -26 + 36026?
36000
In base 8, what is 1632 + -337?
1273
In base 10, what is 21 + 3098?
3119
In base 3, what is -2 - -201001?
200222
In base 8, what is -515 - 405?
-1122
In base 8, what is -6 - 700641?
-700647
In base 6, what is -524 + 110?
-414
In base 3, what is 111 - -11102200?
11110011
In base 2, what is 10000011101 + -110101100?
1001110001
In base 4, what is 10 - -2002213?
2002223
In base 12, what is -7 + 80b1?
80a6
In base 6, what is 113422 + 3?
113425
In base 2, what is 11000 - -10110010010?
10110101010
In base 9, what is 116 + 21?
137
In base 15, what is -5 + 2a476?
2a471
In base 11, what is -36 + 288?
252
In base 15, what is 4133c + 2?
4133e
In base 8, what is -36276 - 26?
-36324
In base 10, what is -19633 + 53?
-19580
In base 5, what is -10013400 - -10?
-10013340
In base 7, what is 5515 + 21?
5536
In base 8, what is 601 - -72?
673
In base 15, what is 3ae - -e?
3bd
In base 16, what is -9 - -957a?
9571
In base 10, what is -192151 + 5?
-192146
In base 5, what is -12 - -200?
133
In base 11, what is 88 + 82?
15a
In base 14, what is -3b - 5b?
-98
In base 9, what is 11148 + 27?
11176
In base 4, what is -112031 + 223123?
111032
In base 7, what is -1 - 6632?
-6633
In base 4, what is -1100002003 + 0?
-1100002003
In base 15, what is -73b - -51?
-6da
In base 14, what is -18d8 + -15b?
-1a55
In base 16, what is 3da + 16d?
547
In base 8, what is 5 + -64213?
-64206
In base 6, what is 5 - 13203?
-13154
In base 7, what is -11214 - -25?
-11156
In base 16, what is -4 - -295c?
2958
In base 7, what is 50 - -4203?
4253
In base 8, what is -5421 + -130?
-5551
In base 6, what is 132 + -4050?
-3514
In base 11, what is 7a2 + a0?
892
In base 8, what is 335 - 1546?
-1211
In base 10, what is 2037 - -30?
2067
In base 9, what is 87 - -12344?
12442
In base 10, what is 1 - -345?
346
In base 13, what is 5 + 13594?
13599
In base 14, what is -1 + -56a5?
-56a6
In base 8, what is 123 + 66?
211
In base 6, what is 44 - -241?
325
In base 13, what is -336b24 + -4?
-336b28
In base 4, what is 122023 + -102?
121321
In base 5, what is 2 + 242023140?
242023142
In base 16, what is -145 - 1?
-146
In base 2, what is 10000000101 - -101011?
10000110000
In base 12, what is 36649 - 0?
36649
In base 6, what is 351 - 234?
113
In base 14, what is -1b + 501?
4c4
In base 8, what is 4 - -26203?
26207
In base 4, what is -101303220 - 0?
-101303220
In base 7, what is 131600 - -36?
131636
In base 10, what is -5542 + -55?
-5597
In base 14, what is ad4 + -11?
ac3
In base 7, what is -1225530 - 2?
-1225532
In base 4, what is 12 + -213010030?
-213010012
In base 12, what is 3b - -49b9?
4a38
In base 5, what is -101 + 223024?
222423
In base 5, what is -423011 + 12?
-422444
In base 10, what is 1391435 + 1?
1391436
In base 8, what is -3 + 23624?
23621
In base 11, what is 1441 - 14?
1428
In base 16, what is 6 + 71313?
71319
In base 8, what is -1020 - 27?
-1047
In base 11, what is -142 + 1105?
a73
In base 14, what is 5 - -76d21?
76d26
In base 16, what is 5 + -8f8c?
-8f87
In base 15, what is 119 + b7?
1d1
In base 6, what is 4 - 14252320?
-14252312
In base 15, what is -21ece - -23?
-21eab
In base 9, what is 40 + -561?
-521
In base 3, what is 120201120 - -11?
120201201
In base 10, what is 1 - 169796?
-169795
In base 14, what is 3bc78 - -1?
3bc79
In base 13, what is 646 - 6?
640
In base 3, what is -11110022110 + -112?
-11110022222
In base 14, what is 1 + 145419?
14541a
In base 9, what is 661 + -57?
603
In base 9, what is -11307 - 4?
-11312
In base 7, what is 62106 + 100?
62206
In base 5, what is 422 - -23?
1000
In base 11, what is 4 + 47500?
47504
In base 3, what is -120 - 202200?
-210020
In base 3, what is -201102 - 10222?
-212101
In base 12, what is 4b2a - -2?
4b30
In base 15, what is -121b24 - -1?
-121b23
In base 13, what is 1933 + 49?
197c
In base 2, what is 111110 + 111100101001011?
111100110001001
In base 9, what is -277 + 4201?
3813
In base 5, what is 3334 - 1202?
2132
In base 4, what is -121100213 + -1?
-121100220
In base 14, what is -c9541 - 2?
-c9543
In base 7, what is 3253 + -114?
3136
In base 3, what is 11122 - 1011020?
-222121
In base 13, what is 2c9 - 9c5?
-6c9
In base 3, what is 22022202222 + -11?
22022202211
In base 2, what is 1000001111011011 - -1011?
1000001111100110
In base 7, what is -46 - -3534?
3455
In base 10, what is 3 + 25672?
25675
In base 8, what is -1 + -40451?
-40452
In base 4, what is 0 - -2301203201?
2301203201
In base 4, what is 121130131 - 200?
121123331
In base 13, what is 3 - 1947a?
-19477
In base 8, what is 24 - -1753?
1777
In base 11, what is -42248 + -5?
-42252
In base 16, what is 30 + -173e?
-170e
In base 9, what is 5203 - 13?
5180
In base 8, what is -74223 - -30?
-74173
In base 16, what is 34a7 + -9?
349e
In base 11, what is -199445 + -7?
-199451
In base 3, what is -211111 - -1101?
-210010
In base 11, what is -31a8 + 11?
-3197
In base 11, what is a2 - -aa1?
1093
In base 2, what is 1 - 10010000011100?
-10010000011011
In base 10, what is -3 - -206802?
206799
In base 6, what is 450 + -351153?
-350303
In base 7, what is 21201 + -161?
21010
In base 2, 